{"id":233,"date":"2019-09-05T11:07:40","date_gmt":"2019-09-05T11:07:40","guid":{"rendered":"http:\/\/eleniralli.com\/?page_id=233"},"modified":"2023-04-09T14:32:01","modified_gmt":"2023-04-09T14:32:01","slug":"eleni-ralli","status":"publish","type":"page","link":"https:\/\/eleniralli.com\/?page_id=233","title":{"rendered":"Eleni Ralli"},"content":{"rendered":"<p>[vc_row][vc_column][vc_column_text]<\/p>\n<h1><strong style=\"font-size: 1rem;\"><u>ACADEMIC<\/u><\/strong><\/h1>\n<div class=\"wp-block-group\">\n<div class=\"wp-block-group__inner-container\">\n<h2 style=\"font-weight: 400;\"><strong><u>Publications<\/u><\/strong><\/h2>\n<h2 style=\"font-weight: 400;\"><strong><u>Books (eg Master Thesis)<\/u><\/strong><\/h2>\n<h2 style=\"font-weight: 400;\"><strong><u>2022:<\/u><\/strong>&nbsp;&nbsp;<\/h2>\n<p style=\"font-weight: 400;\">PhD-Dissertation (Aristotle University of Thessaloniki) \u201cThe influence of Harry Partch\u2019s instruments and musical language in the composition <em>43 in 43<\/em> for ensemble and an investigation for an alternative notation system.\u201d<\/p>\n<p>https:\/\/ikee.lib.auth.gr\/record\/342327\/files\/GRI-2022-36920.pdf &nbsp;&nbsp;<\/p>\n<\/div>\n<\/div>\n<h2 style=\"font-weight: 400;\"><strong><u>2021:<\/u><\/strong><strong>&nbsp;&nbsp; <\/strong><\/h2>\n<p style=\"font-weight: 400;\">Master-Thesis<strong> (<\/strong>Musik- Akademie Basel\/Hochschule f\u00fcr Musik, Spezialised Master in Musical Performance: Composition)<\/p>\n<p style=\"font-weight: 400;\">Eleni Ralli: <em>43 in 43<\/em>, A piece in <em>5 Cycles<\/em>, 13+1 <em>Scenes<\/em> on Images and their 12+1 <em>Transitions<\/em>, For an Ensemble of Harry Partch and Western Musical Instruments, Composed and dedicated to <em>Ensemble Musikfabrik Cologne<\/em>, Duration 43\u2019<\/p>\n<h2 style=\"font-weight: 400;\"><strong><u>2018: <\/u><\/strong><strong>&nbsp; <\/strong><\/h2>\n<p style=\"font-weight: 400;\">Masterarbeit (Universit\u00e4t Bern, Master in Research on the Arts):&nbsp;Harry Partchs <em>The Letter<\/em>: Ein kritischer Vergleich dreier Fassungen (1943, 1955, 1972)<\/p>\n<h2 style=\"font-weight: 400;\"><strong><u>2016:<\/u><\/strong>&nbsp;&nbsp;<\/h2>\n<p style=\"font-weight: 400;\">Master &#8211; Thesis (Musik- Akademie Basel\/Hochschule f\u00fcr Musik, Master in Composition\/ Music Theory):&nbsp;<em>George Aperghis<\/em> \u201eSituations\u201c An analysis<\/p>\n<p style=\"font-weight: 400;\">Published on George Aperghis website<\/p>\n<p><a href=\"https:\/\/www.scribd.com\/document\/429521490\/Eleni-Ralli-Situations-An-Analysis#\">https:\/\/www.scribd.com\/document\/429521490\/Eleni-Ralli-Situations-An-Analysis#<\/a><\/p>\n<p style=\"font-weight: 400;\"><a href=\"https:\/\/www.aperghis.com\/programmenotes.html\">https:\/\/www.aperghis.com\/programmenotes.html<\/a><\/p>\n<h1 style=\"font-weight: 400;\"><strong><u>Papers\/Articles<\/u><\/strong><\/h1>\n<h2 style=\"font-weight: 400;\"><strong><u>202<\/u><\/strong><strong><u>1:<\/u><\/strong><strong> &nbsp; <\/strong><\/h2>\n<p style=\"font-weight: 400;\">\u201cHarry Partch\u201d, in <em>KDG (Komponisten der Gege<\/em><em>nwart)<\/em> Lexicon Article<\/p>\n<p style=\"font-weight: 400;\"><a href=\"https:\/\/www.nachschlage.net\/search\/document?id=17000000431&amp;type=text%2fhtml&amp;template=%2fpublikationen%2fkdg%2fdocument.jsp\">https:\/\/www.nachschlage.net\/search\/document?id=17000000431&amp;type=text%2fhtml&amp;template=%2fpublikationen%2fkdg%2fdocument.jsp<\/a><\/p>\n<p style=\"font-weight: 400;\"><strong>\u201c<\/strong>Parallelen und Modifikationen der Notation in verschiedenen Quellen von Harry Partchs Seventeen Lyrics by Li Po. Schwierigkeiten und Transkriptionsvorschl\u00e4ge\u201d, in:&nbsp;<em>Der doppelte Po und die Musik. Chinesisch-r\u00e4toromanische Studien, besonders zu Li Po, Harry Partch und Chasper Po<\/em>, hg. von Mathias Gredig, Marc Winter, Rico Val\u00e4r und Roman Brotbeck unter redaktioneller Mitarbeit von Daniel Allenbach, W\u00fcrzburg: K\u00f6nigshausen &amp; Neumann 2020, pp. 449-476,&nbsp;<\/p>\n<p style=\"font-weight: 400;\"><a href=\"https:\/\/doi.org\/10.26045\/po-021\">doi.org\/10.26045\/po-021<\/a><\/p>\n<p style=\"font-weight: 400;\"><u>https:\/\/www.hkb-interpretation.ch\/fileadmin\/user_upload\/documents\/Publikationen\/Der_doppelte_Po\/DdPo_21_Ralli.pdf<\/u><\/p>\n<p style=\"font-weight: 400;\"><em>\u201cHarry Partch&#8217;s Letter from Hobo Pablo &#8211; Excerpt from &#8220;Bitter Music&#8221; (1943<\/em><em>); Transcription as a Tool for Analysis and Understanding of Harry Partch&#8217;s Musical Language<\/em>\u201d, in&nbsp;<em>Mikrot\u00f6ne: Small is Beautiful, III<\/em>, pp. 124-154. Mackingerverlag<\/p>\n<h2 style=\"font-weight: 400;\"><strong><u>2020:<\/u><\/strong><strong>&nbsp;&nbsp;<\/strong><\/h2>\n<p style=\"font-weight: 400;\">\u201cHarry Partch\u2019s Enigmatic Musical Notation\u201d, in <em>HKB Zeitung<\/em>, No 1\/2020, p.12.&nbsp; &nbsp; &nbsp; &nbsp; &nbsp; &nbsp;<\/p>\n<p><iframe title=\"HKB-Zeitung 1\/2020\" src=\"https:\/\/e.issuu.com\/embed.html?u=hochschulederkunstebern&#038;d=200225_hkb_zeitung_1_20\" style=\"border:none; width: 640px; height: 491px;\" allow=\"clipboard-write,allow-top-navigation,allow-top-navigation-by-user-activation,allow-downloads,allow-scripts,allow-same-origin,allow-popups,allow-modals,allow-popups-to-escape-sandbox,allow-forms\"  allowfullscreen=\"true\"><\/iframe><\/p>\n<h2 style=\"font-weight: 400;\"><strong><u>2019:<\/u><\/strong><strong>&nbsp;&nbsp;<\/strong><\/h2>\n<p style=\"font-weight: 400;\"><strong> \u201c<\/strong>On the benefit of renotating Harry Partch\u2019s Music for understanding and analyzing his harmonic language\u201d in <em>Microt\u00f6ne-Microtones: Small is beautiful<\/em>, Volume II, Mackingerverlag, 2019&nbsp;<\/p>\n<p><a href=\"https:\/\/www.mackingerverlag.at\/buecher-neu\/52-agustin-castilla-avila-mikrotoene-small-is-beautiful-i.html\">https:\/\/www.mackingerverlag.at\/buecher-neu\/52-agustin-castilla-avila-mikrotoene-small-is-beautiful-i.html<\/a><\/p>\n<!-- \/wp:post-content -->\n<p><!-- wp:paragraph --><a href=\"https:\/\/www.amazon.com\/Mikrot\u00f6ne-Small-Beautiful-Vol-II\/dp\/3902964251\">https:\/\/www.amazon.com\/Mikrot\u00f6ne-Small-Beautiful-Vol-II\/dp\/3902964251<\/a><\/p>\n<h2 style=\"font-weight: 400;\"><strong><u>2017:<\/u><\/strong><strong> &nbsp; <\/strong><\/h2>\n<p style=\"font-weight: 400;\">\u201eInmitten von Ruinen&#8230;\u201c Von der Mikrotonalit\u00e4t zu Mikrot\u00f6nen \u2013 die j\u00fcngste Komponistengenetation.&nbsp;Positionen Texte zur aktuellen Musik,&nbsp;Mikrotonalit\u00e4t \u2013 Mikrot\u00f6ne, 110 Februar 2018.<\/p>\n<h2 style=\"font-weight: 400;\"><strong><u>2015<\/u><\/strong><strong><u>:<\/u><\/strong>&nbsp;&nbsp;<\/h2>\n<p style=\"font-weight: 400;\">Klangtaucher, Klingende Interventionen im Rheindr\u00fccker.<\/p>\n<p style=\"font-weight: 400;\">Fachhochschule Nordwestschweiz, Hochschule f\u00fcr Gestalt und Kunst, Institut Innenarchitektur und Szenographie, 09.2015.<\/p>\n<hr class=\"wp-block-separator\">\n<p><!-- \/wp:paragraph -->&nbsp;<\/p>\n<!-- wp:image {\"id\":253} -->\n<figure class=\"wp-block-image\"><img loading=\"lazy\" decoding=\"async\" width=\"500\" height=\"463\" class=\"wp-image-253\" src=\"https:\/\/i0.wp.com\/eleniralli.com\/wp-content\/uploads\/2020\/03\/Study_originalrenotation.png?resize=500%2C463\" alt=\"\" srcset=\"https:\/\/i0.wp.com\/eleniralli.com\/wp-content\/uploads\/2020\/03\/Study_originalrenotation.png?w=500&amp;ssl=1 500w, https:\/\/i0.wp.com\/eleniralli.com\/wp-content\/uploads\/2020\/03\/Study_originalrenotation.png?resize=300%2C278&amp;ssl=1 300w\" sizes=\"auto, (max-width: 500px) 100vw, 500px\" data-recalc-dims=\"1\" \/><\/figure>\n<p><!-- wp:separator -->&nbsp;<\/p>\n<!-- wp:separator \/-->\n<p><!-- wp:paragraph --><em>Harry Partch&#8217;s Letter from Hobo Pablo &#8211; Excerpt from &#8220;Bitter Music&#8221; (1943); Transcription as a Tool for Analysis and Understanding of Harry Partch&#8217;s Musical Language<\/em>, in&nbsp;<em>Mikrot\u00f6ne: Small is Beautiful, III<\/em>, pp. 124-154. Mackingerverlag<\/p>\n<p><!-- \/wp:paragraph -->&nbsp;<\/p>\n<p>[\/vc_column_text][\/vc_column][\/vc_row]<\/p>\n<!-- \/wp:separator -->","protected":false},"excerpt":{"rendered":"<p>[vc_row][vc_column][vc_column_text] ACADEMIC Publications Books (eg Master Thesis) 2022:&nbsp;&nbsp; PhD-Dissertation (Aristotle University of Thessaloniki) \u201cThe influence of Harry Partch\u2019s instruments and musical language in the composition 43 in 43 for ensemble and an investigation for an alternative notation system.\u201d https:\/\/ikee.lib.auth.gr\/record\/342327\/files\/GRI-2022-36920.pdf &nbsp;&nbsp; 2021:&nbsp;&nbsp; Master-Thesis (Musik- Akademie Basel\/Hochschule f\u00fcr Musik, Spezialised Master in&hellip;<\/p>\n","protected":false},"author":2,"featured_media":0,"parent":0,"menu_order":0,"comment_status":"closed","ping_status":"closed","template":"","meta":{"ngg_post_thumbnail":0,"jetpack_post_was_ever_published":false,"footnotes":""},"class_list":["post-233","page","type-page","status-publish","hentry"],"yoast_head":"<!-- This site is optimized with the Yoast SEO plugin v21.0 - https:\/\/yoast.com\/wordpress\/plugins\/seo\/ -->\n<title>Eleni Ralli - eleniralli<\/title>\n<meta name=\"robots\" content=\"index, follow, max-snippet:-1, max-image-preview:large, max-video-preview:-1\" \/>\n<link rel=\"canonical\" href=\"https:\/\/eleniralli.com\/?page_id=233\" \/>\n<meta property=\"og:locale\" content=\"en_US\" \/>\n<meta property=\"og:type\" content=\"article\" \/>\n<meta property=\"og:title\" content=\"Eleni Ralli - eleniralli\" \/>\n<meta property=\"og:description\" content=\"[vc_row][vc_column][vc_column_text] ACADEMIC Publications Books (eg Master Thesis) 2022:&nbsp;&nbsp; PhD-Dissertation (Aristotle University of Thessaloniki) \u201cThe influence of Harry Partch\u2019s instruments and musical language in the composition 43 in 43 for ensemble and an investigation for an alternative notation system.\u201d https:\/\/ikee.lib.auth.gr\/record\/342327\/files\/GRI-2022-36920.pdf &nbsp;&nbsp; 2021:&nbsp;&nbsp; Master-Thesis (Musik- Akademie Basel\/Hochschule f\u00fcr Musik, Spezialised Master in&hellip;\" \/>\n<meta property=\"og:url\" content=\"https:\/\/eleniralli.com\/?page_id=233\" \/>\n<meta property=\"og:site_name\" content=\"eleniralli\" \/>\n<meta property=\"article:modified_time\" content=\"2023-04-09T14:32:01+00:00\" \/>\n<meta property=\"og:image\" content=\"http:\/\/eleniralli.com\/wp-content\/uploads\/2020\/03\/Study_originalrenotation.png\" \/>\n<meta name=\"twitter:card\" content=\"summary_large_image\" \/>\n<meta name=\"twitter:label1\" content=\"Est. reading time\" \/>\n\t<meta name=\"twitter:data1\" content=\"2 minutes\" \/>\n<script type=\"application\/ld+json\" class=\"yoast-schema-graph\">{\"@context\":\"https:\/\/schema.org\",\"@graph\":[{\"@type\":\"WebPage\",\"@id\":\"https:\/\/eleniralli.com\/?page_id=233\",\"url\":\"https:\/\/eleniralli.com\/?page_id=233\",\"name\":\"Eleni Ralli - eleniralli\",\"isPartOf\":{\"@id\":\"https:\/\/eleniralli.com\/#website\"},\"datePublished\":\"2019-09-05T11:07:40+00:00\",\"dateModified\":\"2023-04-09T14:32:01+00:00\",\"breadcrumb\":{\"@id\":\"https:\/\/eleniralli.com\/?page_id=233#breadcrumb\"},\"inLanguage\":\"en-US\",\"potentialAction\":[{\"@type\":\"ReadAction\",\"target\":[\"https:\/\/eleniralli.com\/?page_id=233\"]}]},{\"@type\":\"BreadcrumbList\",\"@id\":\"https:\/\/eleniralli.com\/?page_id=233#breadcrumb\",\"itemListElement\":[{\"@type\":\"ListItem\",\"position\":1,\"name\":\"Home\",\"item\":\"https:\/\/eleniralli.com\/\"},{\"@type\":\"ListItem\",\"position\":2,\"name\":\"Eleni Ralli\"}]},{\"@type\":\"WebSite\",\"@id\":\"https:\/\/eleniralli.com\/#website\",\"url\":\"https:\/\/eleniralli.com\/\",\"name\":\"eleniralli\",\"description\":\"Eleni Ralli personal webpage\",\"publisher\":{\"@id\":\"https:\/\/eleniralli.com\/#\/schema\/person\/02a00d386be18930f05d38f276225417\"},\"alternateName\":\"Eleni Ralli\",\"potentialAction\":[{\"@type\":\"SearchAction\",\"target\":{\"@type\":\"EntryPoint\",\"urlTemplate\":\"https:\/\/eleniralli.com\/?s={search_term_string}\"},\"query-input\":\"required name=search_term_string\"}],\"inLanguage\":\"en-US\"},{\"@type\":[\"Person\",\"Organization\"],\"@id\":\"https:\/\/eleniralli.com\/#\/schema\/person\/02a00d386be18930f05d38f276225417\",\"name\":\"eleniralli\",\"image\":{\"@type\":\"ImageObject\",\"inLanguage\":\"en-US\",\"@id\":\"https:\/\/eleniralli.com\/#\/schema\/person\/image\/\",\"url\":\"https:\/\/secure.gravatar.com\/avatar\/41bf1524f31cfeff4b71f02cd9a0c185ebd689b5b84c6711574f51b90cf81ff3?s=96&d=mm&r=g\",\"contentUrl\":\"https:\/\/secure.gravatar.com\/avatar\/41bf1524f31cfeff4b71f02cd9a0c185ebd689b5b84c6711574f51b90cf81ff3?s=96&d=mm&r=g\",\"caption\":\"eleniralli\"},\"logo\":{\"@id\":\"https:\/\/eleniralli.com\/#\/schema\/person\/image\/\"}}]}<\/script>\n<!-- \/ Yoast SEO plugin. -->","yoast_head_json":{"title":"Eleni Ralli - eleniralli","robots":{"index":"index","follow":"follow","max-snippet":"max-snippet:-1","max-image-preview":"max-image-preview:large","max-video-preview":"max-video-preview:-1"},"canonical":"https:\/\/eleniralli.com\/?page_id=233","og_locale":"en_US","og_type":"article","og_title":"Eleni Ralli - eleniralli","og_description":"[vc_row][vc_column][vc_column_text] ACADEMIC Publications Books (eg Master Thesis) 2022:&nbsp;&nbsp; PhD-Dissertation (Aristotle University of Thessaloniki) \u201cThe influence of Harry Partch\u2019s instruments and musical language in the composition 43 in 43 for ensemble and an investigation for an alternative notation system.\u201d https:\/\/ikee.lib.auth.gr\/record\/342327\/files\/GRI-2022-36920.pdf &nbsp;&nbsp; 2021:&nbsp;&nbsp; Master-Thesis (Musik- Akademie Basel\/Hochschule f\u00fcr Musik, Spezialised Master in&hellip;","og_url":"https:\/\/eleniralli.com\/?page_id=233","og_site_name":"eleniralli","article_modified_time":"2023-04-09T14:32:01+00:00","og_image":[{"url":"http:\/\/eleniralli.com\/wp-content\/uploads\/2020\/03\/Study_originalrenotation.png"}],"twitter_card":"summary_large_image","twitter_misc":{"Est. reading time":"2 minutes"},"schema":{"@context":"https:\/\/schema.org","@graph":[{"@type":"WebPage","@id":"https:\/\/eleniralli.com\/?page_id=233","url":"https:\/\/eleniralli.com\/?page_id=233","name":"Eleni Ralli - eleniralli","isPartOf":{"@id":"https:\/\/eleniralli.com\/#website"},"datePublished":"2019-09-05T11:07:40+00:00","dateModified":"2023-04-09T14:32:01+00:00","breadcrumb":{"@id":"https:\/\/eleniralli.com\/?page_id=233#breadcrumb"},"inLanguage":"en-US","potentialAction":[{"@type":"ReadAction","target":["https:\/\/eleniralli.com\/?page_id=233"]}]},{"@type":"BreadcrumbList","@id":"https:\/\/eleniralli.com\/?page_id=233#breadcrumb","itemListElement":[{"@type":"ListItem","position":1,"name":"Home","item":"https:\/\/eleniralli.com\/"},{"@type":"ListItem","position":2,"name":"Eleni Ralli"}]},{"@type":"WebSite","@id":"https:\/\/eleniralli.com\/#website","url":"https:\/\/eleniralli.com\/","name":"eleniralli","description":"Eleni Ralli personal webpage","publisher":{"@id":"https:\/\/eleniralli.com\/#\/schema\/person\/02a00d386be18930f05d38f276225417"},"alternateName":"Eleni Ralli","potentialAction":[{"@type":"SearchAction","target":{"@type":"EntryPoint","urlTemplate":"https:\/\/eleniralli.com\/?s={search_term_string}"},"query-input":"required name=search_term_string"}],"inLanguage":"en-US"},{"@type":["Person","Organization"],"@id":"https:\/\/eleniralli.com\/#\/schema\/person\/02a00d386be18930f05d38f276225417","name":"eleniralli","image":{"@type":"ImageObject","inLanguage":"en-US","@id":"https:\/\/eleniralli.com\/#\/schema\/person\/image\/","url":"https:\/\/secure.gravatar.com\/avatar\/41bf1524f31cfeff4b71f02cd9a0c185ebd689b5b84c6711574f51b90cf81ff3?s=96&d=mm&r=g","contentUrl":"https:\/\/secure.gravatar.com\/avatar\/41bf1524f31cfeff4b71f02cd9a0c185ebd689b5b84c6711574f51b90cf81ff3?s=96&d=mm&r=g","caption":"eleniralli"},"logo":{"@id":"https:\/\/eleniralli.com\/#\/schema\/person\/image\/"}}]}},"jetpack_sharing_enabled":true,"jetpack_shortlink":"https:\/\/wp.me\/PaX8Qq-3L","_links":{"self":[{"href":"https:\/\/eleniralli.com\/index.php?rest_route=\/wp\/v2\/pages\/233","targetHints":{"allow":["GET"]}}],"collection":[{"href":"https:\/\/eleniralli.com\/index.php?rest_route=\/wp\/v2\/pages"}],"about":[{"href":"https:\/\/eleniralli.com\/index.php?rest_route=\/wp\/v2\/types\/page"}],"author":[{"embeddable":true,"href":"https:\/\/eleniralli.com\/index.php?rest_route=\/wp\/v2\/users\/2"}],"replies":[{"embeddable":true,"href":"https:\/\/eleniralli.com\/index.php?rest_route=%2Fwp%2Fv2%2Fcomments&post=233"}],"version-history":[{"count":23,"href":"https:\/\/eleniralli.com\/index.php?rest_route=\/wp\/v2\/pages\/233\/revisions"}],"predecessor-version":[{"id":648,"href":"https:\/\/eleniralli.com\/index.php?rest_route=\/wp\/v2\/pages\/233\/revisions\/648"}],"wp:attachment":[{"href":"https:\/\/eleniralli.com\/index.php?rest_route=%2Fwp%2Fv2%2Fmedia&parent=233"}],"curies":[{"name":"wp","href":"https:\/\/api.w.org\/{rel}","templated":true}]}}