{"id":531,"date":"2022-04-18T13:38:43","date_gmt":"2022-04-18T13:38:43","guid":{"rendered":"http:\/\/eleniralli.com\/?page_id=531"},"modified":"2022-04-18T13:38:45","modified_gmt":"2022-04-18T13:38:45","slug":"dirk-rothbrust","status":"publish","type":"page","link":"https:\/\/eleniralli.com\/?page_id=531","title":{"rendered":"Dirk Rothbrust"},"content":{"rendered":"\n<p>0\u201930: Mein Name ist Dirk Rothbrust und ich bin der Schlagzeuger des Ensembles Musikfabrik seit 2006. Als Gast war ich schon viel fr\u00fcher schon hier auch in den 90en Jahren, aber 2006 wurde ich festes Mitglied. Und wir haben seitdem ganz viele verschiedene Projekte gemacht. Als Schlagzeuger es ist sehr, sehr, sehr abwechslungsreich die Projekte, also ich kann die verschiedenste Musik hier spielen. Und so war ich auch sehr gl\u00fccklich als es zu dem Harry Partch Projekt kam 2013, also die ersten Ideen waren glaube ich 2011, 2010 schon haben wir dar\u00fcber gesprochen schon und ich kenne Harry Partch eigentlich schon aus meiner Zeit als Student, da habe ich einige Schallplatten gesehen wo Fotos drauf waren von den Instrumenten, und ich dachte was ist es f\u00fcr ein wildes, schr\u00e4ges Zeug, und niemals in der Zeit h\u00e4tte ich geglaubt, dass ich jemals in Ber\u00fchrung damit komme.<\/p>\n\n\n\n<p>1\u201941: Um so gl\u00fccklicher war ich, dass wir mit dem Musikfabrik tats\u00e4chlich \u00fcberlegt hatten, die Musik von Harry Partch zu spielen. Und noch viel gl\u00fccklicher war ich, als es tats\u00e4chlich dazu kam, dass wir die Instrumente selbst anschaffen und nachbauen. Weil wir zuerst versucht haben, die Originalinstrumente aus Amerika her zu bringen, nach Europa und die St\u00fccke auf die Originalinstrumente zu spielen. Und da es aber zu schwierig war, war ich sehr gl\u00fccklich mit der Entscheidung, oder mit der M\u00f6glichkeit die Instrumente nachzubauen.<\/p>\n\n\n\n<p>02\u201940: (Eleni) Und wie war der Nachbauprozess f\u00fcr dich, hast du auch aktiv teilgenommen?<\/p>\n\n\n\n<p>02\u201946: Ne, am Nachbauprozess, ich muss kurz \u00fcberlegen, also ich habe insofern aktiv teilgenommen an dem Nachbauprozess, als ich damals zu der Zeit im k\u00fcnstlerischen Vorstand war auch, als wir die Entscheidung trafen und auch dar\u00fcber gesprochen haben, wer kann das \u00fcberhaupt machen. Wen, wen gibt es, wen kennen wir, der so eine Arbeit machen k\u00f6nnte? Und da, was ich noch, das ist eigentlich, meine Idee war Thomas Meixner zu fragen, den mit Thomas spielte ich damals schon seit 15 Jahren in einem Schlagzeugsquartett, und ich wusste, dass er schon sehr viele Instrumente vorher gebaut hatte. Er hat sich schon als Student, schon eine eigene gro\u00dfe Trommel gebaut und R\u00f6hrenglocken und alle m\u00f6glichen Instrumente und ich wusste dass er sehr gerne und vor allem sehr gut, sehr gut macht. Und dann habe ich gesagt, wenn wir schon die Partch-Instrumente bauen, dann lass uns Thomas Meixner fragen ob er das machen m\u00f6chte. Und er hat das dann auch gemacht und hat zusagen und war auch sehr happy obwohl er nat\u00fcrlich wusste, \u201ewenn da jetzt zusage, dann wird es die n\u00e4chste Jahre meines Lebens in Anspruch nehmen\u201c, was es dann ja auch tat.<\/p>\n\n\n\n<p>04\u201915: Also ich selbst stand dann danach nicht in der Werkstatt und habe irgendwie Instrumente, Holz ges\u00e4gt und Instrumente ausgesucht, dass war der Bereich von Thomas Meixner und ich habe es nat\u00fcrlich ziemlich nah mitverfolgt, auch so in der ganzen Entstehung, weil ich auch sonst Kontakte mit Thomas hatte, \u00fcber das Quartett, und ich habe schon sehr genau auch miterleben k\u00f6nnen, was es f\u00fcr ihn bedeutet hat, also auch wo wirklich Stress war, wie viel Arbeit es war, \u00fcberhaupt die Materialen zu w\u00e4hlen, die Materialen zu bestellen, teilweise Holz in Kanada bestellt, \u00fcber Jahre genaue, ganz spezielles Holz, was es hier nicht gibt, und das habe ich sehr hautnah verfolgt, und dann, was es f\u00fcr mich als Musiker betraf, der ja auch einen Instrument dann lernen musste, oder mehrere Instrumente lernen musste, vor der Premiere, ja da versuche ich mich nochmal daran zu erinnern, es war.. wir wollte nat\u00fcrlich alle anfangen zu \u00fcben, auf den Instrumenten, weil sie ja f\u00fcr uns neu waren, und dann hat man immer bei Thomas nachgefragt, so wie weit ist denn das Instrument? was macht denn das Quadrangularis Reversum? Was macht die Chitarra? Und so, wann.. Wie viele Monate muss ich noch warten bis ich mein Instrument sehe, damit ich anfangen kann zu \u00fcben und so? Das war schon eine.. ja auch eine harte Zeit, aber eine super spannende Zeit nat\u00fcrlich. Und man hat dann immer die Instrumente gesehen, so halb fertig, und dann man hat Fotos gesehen aus der Werkstatt von Thomas und so, und dann war man immer ganz gespannt.<\/p>\n\n\n\n<p>06\u201923: (Eleni) Und was f\u00fcr Instrumente spielst du?<\/p>\n\n\n\n<p>06\u201925: Also ich habe, da ich ja auch der einzige Schlagzeuger des Ensembles bin, habe ich nat\u00fcrlich mir ein Schlaginstrument ausgesucht, aus dem ganzen Arsenal, f\u00fcr die Premiere von <em>Delusion of the Fury<\/em>, was halt unbedingt von einem Schlagzeuger gespielt werden sollte, und das war damals das Quadrangularis Reversum. Es ist so eine Art Marimbaphon, bei dem die Platten aber nat\u00fcrlich in Partch-Stimmung, und auch ganz speziell angeordnet sind, also \u00e4hnlich wie beim Diamond-Marimba: Raupenf\u00f6rmig, die Platten liegen nebeneinander, stufig nach oben ansteigend, und es hat dann noch zwei Seitenteile mit einem Bass-Bariton Register, so ein bisschen tiefer runter. Ja \u00e4hnlich eines Marimbas aber in eine nat\u00fcrlich v\u00f6llig fremde Anordnung der T\u00f6ne so. Man muss diese Instrumente so ja lernen nach Graphik, also man lernt die Melodien und pr\u00e4gt sich die Bilder ein, wie die T\u00f6ne so liegen, ja man kann, man hat jetzt nicht Jahren lang Tonleiter und Arpeggien ge\u00fcbt, und kann dann einfach die Musik und die Noten aufspielen, sondern man lernt so die Patterns die Partch geschrieben hat, lernt man so graphisch auf dem Instrument. Und so langsam aber sicher entwickelt man dann eine, so eine gewisse, ja so eine gewisse Flexibilit\u00e4t und man lernt nach und nach wo die T\u00f6ne so ein bisschen liegen.<\/p>\n\n\n\n<p>08\u201903: Und es war aber doch ein langer Prozess und ich habe dann auch nat\u00fcrlich nicht nur dieses eine Instrument gespielt sondern im Prinzip alle Schlaginstrumente. Ich habe dann im sp\u00e4teren Verlauf auch Bass-Marimba gespielt und Gourd Tree und Marimba Heroica, Cloud Chamber Bowls, Zymo-Xyl, das Diamond Marimba auch, Spoils of War nat\u00fcrlich, was so ein bisschen das Harry Partch Drumset ist.<\/p>\n\n\n\n<p>08\u201932: (Eleni) Lieblingsinstrument?<\/p>\n\n\n\n<p>Habe ich nicht wirklich, nein habe ich nicht. Ich finde das Mazda Marimba ganz toll, mit den Gl\u00fchbirnen. Habe ich halt nie gespielt in St\u00fccken aber man sitzt auch gerne davor und improvisiert ein bisschen darauf, es ist so ganz klein und charmant. Ne, lieblings.. ne ne, ich finde die Gesamtheit eigentlich, ist meine, mein Liebling.<\/p>\n\n\n\n<p>09\u201903: (Eleni) Als Schlagzeuger war das einfacher f\u00fcr dich, in diesen ganze System rein zu kommen?<\/p>\n\n\n\n<p>09\u201911: Wenn ich in die K\u00f6pfe den Anderen hineinschauen k\u00f6nnte.. Nein, ich kann mich schon vorstellen, also als Schlagzeuger habe ich nat\u00fcrlich auch die Spieltechnik die man braucht irgendwie mit Schl\u00e4gen Instrumente anzuregen, dass habe ich nat\u00fcrlich den Kollegen voraus. Das war einfacher und viele Kollegen, die normalerweise kein Schlagzeug spielen mussten dann auch Stick control lernen und wie man mit Schl\u00e4gen \u00fcberhaupt irgendwie, also ja wie das einfach so technisch geht. Das habe ich ihnen nat\u00fcrlich voraus, von daher war das einfacher, aber trotzdem muss man die Instrumente dann lernen wie neue Instrumente, dass man die Orientierung \u00fcber die Tonh\u00f6hen hat und so&#8230;<\/p>\n\n\n\n<p>09\u201955: (Eleni) und ist das einfach von Notation, eigentlich die Notation, meiner Meinung nach, ist ein bisschen aus diesen Schlagzeugwinkel gesehen, auch f\u00fcr die andere Instrumente, die Seiteninstrumente, aber wie ist das, eigentlich?<\/p>\n\n\n\n<p>10\u201914: Ja, die Notation bei Partch ist ja auch von Instrument zu Instrument total verschieden, er hat sich einfach f\u00fcr jedes Instrument eine Form der Notation \u00fcberlegt, die ihn praktisch erschien, die auch damit zu tun hat, wie das Instrument auch gebaut ist, also manchmal hat man ein Instrument mit sieben Reihen von Klangplatten, und dann hat er das auch auf die sieben, ich sage mal Zwischenr\u00e4ume, im f\u00fcnf Liniensystem einfach \u00fcbertragen, so wei\u00dft man die unterste Reihe ist die unterste, der unterste Zwischenraum im Notensystem. Also eine praktische \u00dcberlegung. Und dann hat er teilweise auch die Instrumente durchnummeriert, es geht dann irgendwie bei drei, auch verschiedenfarbig, es geht mit der gr\u00fcnen Drei los und dann kommt die gr\u00fcne Zwei, die gr\u00fcne Eins, und es auch dann genau so im Notentext, auch so geschrieben. Es sind nat\u00fcrlich.. Es ist wie eine Legende von einer Karte, die muss man erst studieren bis man wei\u00dft wie, auf welches Zeichen, bei welchen Zeichen in den Noten muss ich auf welchen Klang, welchen Klang auch spielen, so. Es ist bei jedem Instrument anders, es ist aber f\u00fcr Schlagzeuger fast schon normal, denn in der neuen Musik hat man sowieso immer anderen Instrumente vor sich, andere Kombinationen von Schlaginstrumenten, und jeder Komponist \u00fcberlegt sich erstmal eine Legende, wie sind die Instrumente notiert, es hei\u00dft, die Arbeit habe ich sowieso seit drei\u00dfig Jahren bei jedem St\u00fcck erstmal zu lernen welches Instrument ist eigentlich wie notiert.<\/p>\n\n\n\n<p>11\u201955: (Eleni) macht es aber Sinn, oder gibt es einfache Wege, nach deiner Erfahrung?<\/p>\n\n\n\n<p>12\u201902: Bei den Instrumenten die ich gespielt habe, finde ich, macht es durchaus Sinn. Also ich glaube, Harry Partch war da sehr, kam da sehr vom Praktischen, weil er die Instrumenten auch selbst alle von Null gelernt hat, er hat die gebaut und dann selbst gelernt, und er hat sich dann auch selbst \u00fcberlegt, wie notiere ich dann am praktischsten, ich finde das schon gut. Also, ich habe jetzt nicht bei jedem Instrument intensiv dar\u00fcber geforscht, wie man das besser notieren k\u00f6nnte, aber wie ich das jetzt \u00fcberlege, Gourd Tree, da gibt es elf oder dreizehn, ich wei\u00df nicht mehr genau, zw\u00f6lf Klangschallen, die sind auch auf zw\u00f6lf Linien und Zwischenr\u00e4umen notiert, genau, das ist dieses Instrument, es f\u00e4ngt bei der Eins an, und es ist auch genau so wie die T\u00f6ne aufsteigen, ist es auch im Notensystem von unten nach oben notiert und es ist super praktisch. W\u00fcrde ich nicht anders notieren. Es gibt eine Kleinigkeit vielleicht, dieses Verh\u00e4ltnis bei Diamond Marimba und, gerade bei Diamond Marimba und Quadrangularis Reversum, es sind ja zwei Instrumente wo die Anordnung der Klangplatten gespiegelt ist. Also bei dem einen Instrument ist die h\u00f6chste Klangplatte oben, bei dem anderen ist die H\u00f6chste unten und die Tiefste oben. Und er hat das aber beide Instrumente gleich notiert, so dass er die Platte die am h\u00f6chsten montiert ist auf dem Instrument, auch am h\u00f6chsten notiert hat. Das ist aber bei dem einen Instrument der tiefste Klang, das hei\u00dft man hat den tiefsten Klang ganz oben notiert, und es ist so ein bisschen verwirrend. Aber es ist eigentlich nur verwirrend wenn man beide Instrumente spielt. Da muss man halt jedes Mal irgendwie umschalten. So, dass ist eine kleine.. aber ich w\u00fcsste auch nicht, ja wenn er das andersrum notiert h\u00e4tte, dann w\u00e4re es wiederum bei einem den Instrumenten vom Bild her anders als in die Noten. Da w\u00fcrde zwar die Tonh\u00f6henzuordnung vom Ohr stimmen, aber dann w\u00e4re die, das Visuelle anders. Nein, ich finde er hat das gut notiert.<\/p>\n\n\n\n<p>14\u201936: (Eleni) Und die Notation von anderen Komponisten, die f\u00fcr die Partch Instrumenten geschrieben haben?<\/p>\n\n\n\n<p>14\u201944: Gute Fragen, die meisten Komponisten, die f\u00fcr Partch-Instrumente danach, in j\u00fcngster Zeit geschrieben haben, f\u00fcr uns, haben sich an die Notation von Partch gehalten, wie auch in seinem Buch geschrieben ist. Ich muss kurz \u00fcberlegen&#8230; KOMPONIST, der ja irgendwie drei Harry Partch Instrumente komplett dekonstruirt hat, und komplett neu zusammenbaut auch verfremdet hat mit anderen Materialen, er musste sich nat\u00fcrlich f\u00fcr spezielle Effekte, spezielle Zeichen \u00fcberlegen, aber auch die sind sehr gut gew\u00e4hlt und das kann man auch sehr gut umsetzen, aber die meisten der Komponisten, soweit ich mich erinnere, haben sich auf die Partch Notation gehalten. Zumindest bei den Schlaginstrumenten die ich gespielt habe, bei den Seiten bin ich mir nicht ganz sicher. Kann schon sein, dass Casper Johannes Walter eine andere Notation teilweise gew\u00e4hlt hat mit, vor allem f\u00fcr die Angabe der Tonh\u00f6hen, mit Cent-Angaben und Anweichungen&#8230; Ja, macht dann aber auch Sinn, weil die Musik ist nochmal ganz anders und das muss man nochmal anders lernen.<\/p>\n\n\n\n<p>16\u201909: (Eleni) Und hilft das, ein Schlagzeuger, dass man die Tonh\u00f6hen auch sieht, oder eher nicht?<\/p>\n\n\n\n<p>16\u201915: Ja doch nat\u00fcrlich, ja, auf jeden Fall.<\/p>\n\n\n\n<p>16\u201922: (Eleni) So die.. Gibt es ein System, die du lieber hast, das du lieber hast, notationsm\u00e4\u00dfig? Zum Beispiel Partch, Nouar, Ratios plus Positionen, oder Ratios plus Klang, approximativ?<\/p>\n\n\n\n<p>16\u201945: Ob ich die Ratios sehen muss in der Notation oder nur das Instrument.. Gute Frage. Also ich w\u00fcrde sagen vom Lese technischen, beim Einstudieren meiner Stimme, muss ich die Ratios nicht unbedingt sehen. Da geht es erstmal schneller, dass ich lernen kann was ich spielen muss, wenn ich nur die Positionen sehen. Dann wei\u00df ich sofort wo muss ich hin. Aber um das St\u00fcck dann gut interpretieren zu k\u00f6nnen, dass ist schon wichtig auch die Harmonien und die Tonh\u00f6hen zu kennen. Und es kommt so ein bisschen auf die Musik an. Also wenn ich jetzt eine Musik oder ein St\u00fcck spiele, was sehr ja rhythmisch frei w\u00e4re, und es kommt haupts\u00e4chlich auf die Stimmung an, also Harmonie, da kann es sinnvoll sein, die Ratios zu sehen und dann, ja dann w\u00e4re die Voraussetzung, dass ich auch auf mein Instrument genau m\u00f6glicherweise wei\u00df, wo sind die Ratios. Von daher, f\u00fcr das schnelle umsetzen von Musik, es ist sicher einfacher nicht unbedingt die Ratios zu sehen, sondern die Positionen.<\/p>\n\n\n\n<p>18\u201910: (Eleni) Im Vergleich zu &#8211; normalen kann ich nicht sagen \u2013 aber Schlaginstrumenten, welche sind die Unterschiede? Ich meine f\u00fcr dich, was ist wichtiger? Klangqualit\u00e4t? Stimmungssystem? Materialen? Ich wei\u00df nicht, was sonst.. Spielart?<\/p>\n\n\n\n<p>18\u201941: Es ist eine super komplizierte Frage, denn, die normale Schlaginstrumente sind ja schon so unterschiedlich. Also wir spielen ja oft Instrumente aus aller Welt, auf Gamelan-Instrumente und chinesischen Gongs und Tamtams und auf westliche Instrumente, Trommel, Drumset, Kuhglocken&#8230; Es ist ja schon so unterschiedlich, dass ich das nur sehr schwer beantworten kann, also&#8230; Tatsachen ist ja, dass allen Partch Instrumenten irgendwie so einen \u2013 wie soll ich sagen \u2013 der Partchen Geist auch inne wohnt, also ich k\u00e4me jetzt nie auf die Idee, mir jetzt eins der Partch Instrumente zu einem Set up dazu zu stellen, um damit ganz andere Musik zu machen, oder zu improvisieren. So das ist alles sehr, es ist schon sehr an die Welt von Harry Partch so ein bisschen angedockt. Also wenn ich Bass-Marimba spiele zum Beispiel, bin ich sofort gedanklich und gef\u00fchlsm\u00e4\u00dfig bei Harry Partch. Erstmal. Au\u00dfer es komponiert jemand ganz neue St\u00fccke oder kombiniert es noch mal anders. Es k\u00f6nnte aber genau so gut sein, dass jemand f\u00fcr Partch Instrumente kombiniert plus westliche Schlaginstrumente, und dann wiederum w\u00fcrde die&#8230; w\u00fcrde es keinen Unterschied machen.<\/p>\n\n\n\n<p>20\u201920: Ob es ein Partch Instrument ist oder ein westliches Instrument oder normale Schlaginstrumente&#8230; Weil die, weil das in der Komposition schon verankert ist, dass die Instrumente kombiniert werden. Das hei\u00dft, die Instrumente werden dann auf gleiche Ebene.<\/p>\n\n\n\n<p>20\u201936: (Eleni) Sind die wirklich auf gleiche Ebene? Wenn die beide auf der B\u00fchne stehen? Oder?<\/p>\n\n\n\n<p>20\u201951: Philosophische Frage. Wei\u00df ich nicht. Wei\u00df ich nicht, mal so, mal so. Kommt auf die Musik an. Sch\u00f6ne Frage. Habe ich noch nie dar\u00fcber nachgedacht. Der hat eine super spezielle Geschichte, das Partch Instrument. Ob sie dadurch auf eine andere Ebene kommt, ja, vielleicht. Echt schwer zu sagen, kann ich nicht beantworten.<\/p>\n\n\n\n<p>21\u201948: (Eleni) Und wie ist das mit der Synchronisation auf der B\u00fchne, oder mit anderen Leuten, gibt es Schwierigkeiten [&#8230;] und Noten zu sehen oder kann man gut kommunizieren? St\u00f6rt das, dass gewisse Instrumente h\u00f6her sind, oder zu gro\u00df?<\/p>\n\n\n\n<p>22\u201909: Nein, ich meine das sind Gegebenheiten, mit den muss man sich arrangieren, ich finde nicht, dass es st\u00f6rt. Also, wir haben sehr sehr viele Kammermusik gemacht mit den, gerade mit den St\u00fccken und die meisten ohne Dirigent gespielt, und das funktioniert sehr sehr gut, also man muss dann irgendwie zu Not mal ein bisschen was verschieben oder, klar, manchmal hat man das Instrument so vor den Augen und man muss ein bisschen um die Ecke gucken aber das ist nat\u00fcrlich auch abh\u00e4ngig vom Grad der Vorbereitung und Kenntnis und wenn man das St\u00fcck und die Noten gut kennt, und das spielen kann, dann kann man sich auch arrangieren. Kann man musikalisch und koordinationsm\u00e4\u00dfig.<\/p>\n\n\n\n<p>22\u201952: (Eleni), So, wenn wir f\u00fcnf Minuten noch Zeit haben, weil Thomas jetzt ist, m\u00f6chtest du was vorspielen f\u00fcr mich, ein, zwei Instrumente zu pr\u00e4sentieren?<\/p>\n\n\n\n<p>Ja kann ich machen.<\/p>\n\n\n\n<p>23\u201928: Ja ich stehe hier an der Bass Marimba, das ist so, au\u00dfer der Marimba Heroica, das tiefste Instrument mit dem tiefste Register. Es wird manchmal mit ganz weichen Schl\u00e4gern gespielt. (er spielt) Wenn es bisschen virtuoser wird braucht man vielleicht so bisschen kleinere [&#8230;]. (er spielt) Bei Partch kann man das auch mit H\u00e4nden bespielen oder mit Handschuh. Finde ich auch sehr sch\u00f6n. Ich habe immer manche mit so kleinen Gummi drauf. (er spielt) Zum Beispiel. Er gibt auch eine Nummer bei Partch, da braucht man eine Schneebesen. (er spielt)<\/p>\n","protected":false},"excerpt":{"rendered":"<p>0\u201930: Mein Name ist Dirk Rothbrust und ich bin der Schlagzeuger des Ensembles Musikfabrik seit 2006. Als Gast war ich schon viel fr\u00fcher schon hier auch in den 90en Jahren, aber 2006 wurde ich festes Mitglied. Und wir haben seitdem ganz viele verschiedene Projekte gemacht. Als Schlagzeuger es ist sehr,&hellip;<\/p>\n","protected":false},"author":2,"featured_media":0,"parent":0,"menu_order":0,"comment_status":"closed","ping_status":"closed","template":"","meta":{"ngg_post_thumbnail":0,"jetpack_post_was_ever_published":false,"footnotes":""},"class_list":["post-531","page","type-page","status-publish","hentry"],"yoast_head":"<!-- This site is optimized with the Yoast SEO plugin v21.0 - https:\/\/yoast.com\/wordpress\/plugins\/seo\/ -->\n<title>Dirk Rothbrust - eleniralli<\/title>\n<meta name=\"robots\" content=\"index, follow, max-snippet:-1, max-image-preview:large, max-video-preview:-1\" \/>\n<link rel=\"canonical\" href=\"https:\/\/eleniralli.com\/?page_id=531\" \/>\n<meta property=\"og:locale\" content=\"en_US\" \/>\n<meta property=\"og:type\" content=\"article\" \/>\n<meta property=\"og:title\" content=\"Dirk Rothbrust - eleniralli\" \/>\n<meta property=\"og:description\" content=\"0\u201930: Mein Name ist Dirk Rothbrust und ich bin der Schlagzeuger des Ensembles Musikfabrik seit 2006. Als Gast war ich schon viel fr\u00fcher schon hier auch in den 90en Jahren, aber 2006 wurde ich festes Mitglied. Und wir haben seitdem ganz viele verschiedene Projekte gemacht. Als Schlagzeuger es ist sehr,&hellip;\" \/>\n<meta property=\"og:url\" content=\"https:\/\/eleniralli.com\/?page_id=531\" \/>\n<meta property=\"og:site_name\" content=\"eleniralli\" \/>\n<meta property=\"article:modified_time\" content=\"2022-04-18T13:38:45+00:00\" \/>\n<meta name=\"twitter:card\" content=\"summary_large_image\" \/>\n<meta name=\"twitter:label1\" content=\"Est. reading time\" \/>\n\t<meta name=\"twitter:data1\" content=\"14 minutes\" \/>\n<script type=\"application\/ld+json\" class=\"yoast-schema-graph\">{\"@context\":\"https:\/\/schema.org\",\"@graph\":[{\"@type\":\"WebPage\",\"@id\":\"https:\/\/eleniralli.com\/?page_id=531\",\"url\":\"https:\/\/eleniralli.com\/?page_id=531\",\"name\":\"Dirk Rothbrust - eleniralli\",\"isPartOf\":{\"@id\":\"https:\/\/eleniralli.com\/#website\"},\"datePublished\":\"2022-04-18T13:38:43+00:00\",\"dateModified\":\"2022-04-18T13:38:45+00:00\",\"breadcrumb\":{\"@id\":\"https:\/\/eleniralli.com\/?page_id=531#breadcrumb\"},\"inLanguage\":\"en-US\",\"potentialAction\":[{\"@type\":\"ReadAction\",\"target\":[\"https:\/\/eleniralli.com\/?page_id=531\"]}]},{\"@type\":\"BreadcrumbList\",\"@id\":\"https:\/\/eleniralli.com\/?page_id=531#breadcrumb\",\"itemListElement\":[{\"@type\":\"ListItem\",\"position\":1,\"name\":\"Home\",\"item\":\"https:\/\/eleniralli.com\/\"},{\"@type\":\"ListItem\",\"position\":2,\"name\":\"Dirk Rothbrust\"}]},{\"@type\":\"WebSite\",\"@id\":\"https:\/\/eleniralli.com\/#website\",\"url\":\"https:\/\/eleniralli.com\/\",\"name\":\"eleniralli\",\"description\":\"Eleni Ralli personal webpage\",\"publisher\":{\"@id\":\"https:\/\/eleniralli.com\/#\/schema\/person\/02a00d386be18930f05d38f276225417\"},\"alternateName\":\"Eleni Ralli\",\"potentialAction\":[{\"@type\":\"SearchAction\",\"target\":{\"@type\":\"EntryPoint\",\"urlTemplate\":\"https:\/\/eleniralli.com\/?s={search_term_string}\"},\"query-input\":\"required name=search_term_string\"}],\"inLanguage\":\"en-US\"},{\"@type\":[\"Person\",\"Organization\"],\"@id\":\"https:\/\/eleniralli.com\/#\/schema\/person\/02a00d386be18930f05d38f276225417\",\"name\":\"eleniralli\",\"image\":{\"@type\":\"ImageObject\",\"inLanguage\":\"en-US\",\"@id\":\"https:\/\/eleniralli.com\/#\/schema\/person\/image\/\",\"url\":\"https:\/\/secure.gravatar.com\/avatar\/41bf1524f31cfeff4b71f02cd9a0c185ebd689b5b84c6711574f51b90cf81ff3?s=96&d=mm&r=g\",\"contentUrl\":\"https:\/\/secure.gravatar.com\/avatar\/41bf1524f31cfeff4b71f02cd9a0c185ebd689b5b84c6711574f51b90cf81ff3?s=96&d=mm&r=g\",\"caption\":\"eleniralli\"},\"logo\":{\"@id\":\"https:\/\/eleniralli.com\/#\/schema\/person\/image\/\"}}]}<\/script>\n<!-- \/ Yoast SEO plugin. -->","yoast_head_json":{"title":"Dirk Rothbrust - eleniralli","robots":{"index":"index","follow":"follow","max-snippet":"max-snippet:-1","max-image-preview":"max-image-preview:large","max-video-preview":"max-video-preview:-1"},"canonical":"https:\/\/eleniralli.com\/?page_id=531","og_locale":"en_US","og_type":"article","og_title":"Dirk Rothbrust - eleniralli","og_description":"0\u201930: Mein Name ist Dirk Rothbrust und ich bin der Schlagzeuger des Ensembles Musikfabrik seit 2006. Als Gast war ich schon viel fr\u00fcher schon hier auch in den 90en Jahren, aber 2006 wurde ich festes Mitglied. Und wir haben seitdem ganz viele verschiedene Projekte gemacht. Als Schlagzeuger es ist sehr,&hellip;","og_url":"https:\/\/eleniralli.com\/?page_id=531","og_site_name":"eleniralli","article_modified_time":"2022-04-18T13:38:45+00:00","twitter_card":"summary_large_image","twitter_misc":{"Est. reading time":"14 minutes"},"schema":{"@context":"https:\/\/schema.org","@graph":[{"@type":"WebPage","@id":"https:\/\/eleniralli.com\/?page_id=531","url":"https:\/\/eleniralli.com\/?page_id=531","name":"Dirk Rothbrust - eleniralli","isPartOf":{"@id":"https:\/\/eleniralli.com\/#website"},"datePublished":"2022-04-18T13:38:43+00:00","dateModified":"2022-04-18T13:38:45+00:00","breadcrumb":{"@id":"https:\/\/eleniralli.com\/?page_id=531#breadcrumb"},"inLanguage":"en-US","potentialAction":[{"@type":"ReadAction","target":["https:\/\/eleniralli.com\/?page_id=531"]}]},{"@type":"BreadcrumbList","@id":"https:\/\/eleniralli.com\/?page_id=531#breadcrumb","itemListElement":[{"@type":"ListItem","position":1,"name":"Home","item":"https:\/\/eleniralli.com\/"},{"@type":"ListItem","position":2,"name":"Dirk Rothbrust"}]},{"@type":"WebSite","@id":"https:\/\/eleniralli.com\/#website","url":"https:\/\/eleniralli.com\/","name":"eleniralli","description":"Eleni Ralli personal webpage","publisher":{"@id":"https:\/\/eleniralli.com\/#\/schema\/person\/02a00d386be18930f05d38f276225417"},"alternateName":"Eleni Ralli","potentialAction":[{"@type":"SearchAction","target":{"@type":"EntryPoint","urlTemplate":"https:\/\/eleniralli.com\/?s={search_term_string}"},"query-input":"required name=search_term_string"}],"inLanguage":"en-US"},{"@type":["Person","Organization"],"@id":"https:\/\/eleniralli.com\/#\/schema\/person\/02a00d386be18930f05d38f276225417","name":"eleniralli","image":{"@type":"ImageObject","inLanguage":"en-US","@id":"https:\/\/eleniralli.com\/#\/schema\/person\/image\/","url":"https:\/\/secure.gravatar.com\/avatar\/41bf1524f31cfeff4b71f02cd9a0c185ebd689b5b84c6711574f51b90cf81ff3?s=96&d=mm&r=g","contentUrl":"https:\/\/secure.gravatar.com\/avatar\/41bf1524f31cfeff4b71f02cd9a0c185ebd689b5b84c6711574f51b90cf81ff3?s=96&d=mm&r=g","caption":"eleniralli"},"logo":{"@id":"https:\/\/eleniralli.com\/#\/schema\/person\/image\/"}}]}},"jetpack_sharing_enabled":true,"jetpack_shortlink":"https:\/\/wp.me\/PaX8Qq-8z","_links":{"self":[{"href":"https:\/\/eleniralli.com\/index.php?rest_route=\/wp\/v2\/pages\/531","targetHints":{"allow":["GET"]}}],"collection":[{"href":"https:\/\/eleniralli.com\/index.php?rest_route=\/wp\/v2\/pages"}],"about":[{"href":"https:\/\/eleniralli.com\/index.php?rest_route=\/wp\/v2\/types\/page"}],"author":[{"embeddable":true,"href":"https:\/\/eleniralli.com\/index.php?rest_route=\/wp\/v2\/users\/2"}],"replies":[{"embeddable":true,"href":"https:\/\/eleniralli.com\/index.php?rest_route=%2Fwp%2Fv2%2Fcomments&post=531"}],"version-history":[{"count":1,"href":"https:\/\/eleniralli.com\/index.php?rest_route=\/wp\/v2\/pages\/531\/revisions"}],"predecessor-version":[{"id":532,"href":"https:\/\/eleniralli.com\/index.php?rest_route=\/wp\/v2\/pages\/531\/revisions\/532"}],"wp:attachment":[{"href":"https:\/\/eleniralli.com\/index.php?rest_route=%2Fwp%2Fv2%2Fmedia&parent=531"}],"curies":[{"name":"wp","href":"https:\/\/api.w.org\/{rel}","templated":true}]}}