{"id":607,"date":"2023-03-02T17:37:11","date_gmt":"2023-03-02T17:37:11","guid":{"rendered":"https:\/\/eleniralli.com\/?page_id=607"},"modified":"2023-04-10T12:42:35","modified_gmt":"2023-04-10T12:42:35","slug":"previous-concerts","status":"publish","type":"page","link":"https:\/\/eleniralli.com\/?page_id=607","title":{"rendered":"Previous Concerts"},"content":{"rendered":"<p>[vc_row][vc_column][vc_column_text]<div id=\"vsel\" class=\"vsel-shortcode vsel-shortcode-past-events\"><div id=\"event-745\" class=\"vsel-content vsel-past\"><div class=\"vsel-meta vsel-meta-left\" style=\"width:36%;\"><h3 class=\"vsel-meta-title\"><a href=\"https:\/\/eleniralli.com\/?event=tiptoe-through\" rel=\"bookmark\" title=\"TIPTOE THROUGH\u2026\">TIPTOE THROUGH\u2026<\/a><\/h3><div class=\"vsel-meta-date vsel-meta-start-date\">Start date: <span>December 5, 2025<\/span><\/div><div class=\"vsel-meta-date vsel-meta-end-date\">End date: <span>December 8, 2025<\/span><\/div><div class=\"vsel-meta-time\">Time: <span>7:30 pm - 9:00 pm<\/span><\/div><div class=\"vsel-meta-location\">Location: <span>5 December 2025 - Bern, Switzerland - PROGR, 6 December 2025 - Basel, Switzerland - kHaus, 7 December 2025 - Zurich, Switzerland - Wasserkirche, 8 December 2025 - Lucern, Switzerland - Kali Gallery<\/span><\/div><div class=\"vsel-meta-link\"><a href=\"https:\/\/www.ensembleduboutdumonde.com\/tiptoe\" rel=\"noopener noreferrer\" target=\"_self\" rel=\"noreferrer\" title=\"https:\/\/www.ensembleduboutdumonde.com\/tiptoe\">More info<\/a><\/div><\/div><div class=\"vsel-image-info vsel-image-info-right\" style=\"width:60%;\"><div class=\"vsel-info\"><h3>PROGRAM<\/h3>\n<p class=\"\"><a href=\"https:\/\/www.ensembleduboutdumonde.com\/seiltanz-karin-wetzel\" target=\"_blank\" rel=\"noopener\">Seiltanz (2018) &#8211; Karin Wetzel<\/a><br \/>\n<a href=\"https:\/\/www.ensembleduboutdumonde.com\/dance-with-me-eleni-ralli\" target=\"_blank\" rel=\"noopener\">Dance with Me (2025) + &#8211; Eleni Ralli<\/a><br \/>\n<a href=\"https:\/\/www.ensembleduboutdumonde.com\/31-anatomie-notturne-nadir-vassena\" target=\"_blank\" rel=\"noopener\">31 Anatomie Notturne (1998) &#8211; Nadir Vassena<\/a><br \/>\n<a href=\"https:\/\/www.ensembleduboutdumonde.com\/irrational-chaya-czernowin\" target=\"_blank\" rel=\"noopener\">Irrational (2018\/2022) * &#8211; Chaya Czernowin<\/a><br \/>\n<a href=\"https:\/\/www.ensembleduboutdumonde.com\/lumineux-nicholas-tzortzis\" target=\"_blank\" rel=\"noopener\">Lumineux (2017) * &#8211; Nicholas Tzortzis <\/a><\/p>\n<p class=\"\">* &#8211; indicates CH premiere<br \/>\n+ &#8211; indicates world premiere<\/p>\n<p><a href=\"https:\/\/www.ensembleduboutdumonde.com\/beyond-nm\" target=\"_blank\" rel=\"noopener\">Ms. Noa Mick, soprano saxophone<\/a><br \/>\n<a href=\"https:\/\/www.ensembleduboutdumonde.com\/beyond-simoc\" target=\"_blank\" rel=\"noopener\">Ms. Simona Castria, alto saxophone<\/a><br \/>\n<a href=\"https:\/\/www.ensembleduboutdumonde.com\/beyond-salc\" target=\"_blank\" rel=\"noopener\">Mr. Salvatore Castellano, tenor saxophone<\/a><br \/>\n<a href=\"https:\/\/www.ensembleduboutdumonde.com\/beyond-dpk\" target=\"_blank\" rel=\"noopener\">Dr. Don-Paul Kahl, baritone saxophone<\/a><\/p>\n<\/div><\/div><\/div><div id=\"event-744\" class=\"vsel-content vsel-past\"><div class=\"vsel-meta vsel-meta-left\" style=\"width:36%;\"><h3 class=\"vsel-meta-title\"><a href=\"https:\/\/eleniralli.com\/?event=rivages-mediterraneens\" rel=\"bookmark\" title=\"Rivages M\u00e9diterran\u00e9ens\">Rivages M\u00e9diterran\u00e9ens<\/a><\/h3><div class=\"vsel-meta-date vsel-meta-single-date\">Date: <span>November 29, 2025<\/span><\/div><div class=\"vsel-meta-time\">Time: <span>8:00 pm - 10:00 pm<\/span><\/div><div class=\"vsel-meta-location\">Location: <span>Paris, Biblioth\u00e8que La Grange-Fleuret<\/span><\/div><div class=\"vsel-meta-link\"><a href=\"https:\/\/festivalsonomundo.com\/index.php\/programme-detaille-2025\/?fbclid=IwY2xjawOWP1ZleHRuA2FlbQIxMABicmlkETFuZ1I3bHR0R05uZ2FSNTBkc3J0YwZhcHBfaWQQMjIyMDM5MTc4ODIwMDg5MgABHvNT3SuuzmwPlmXBTVxi6ihMaZMSzeFdJZ5RrP8XP5X3HKRjRJQoFQM4gbez_aem_ofURQVKXiPoaVt143BSuLg\" rel=\"noopener noreferrer\" target=\"_self\" rel=\"noreferrer\" title=\"https:\/\/festivalsonomundo.com\/index.php\/programme-detaille-2025\/?fbclid=IwY2xjawOWP1ZleHRuA2FlbQIxMABicmlkETFuZ1I3bHR0R05uZ2FSNTBkc3J0YwZhcHBfaWQQMjIyMDM5MTc4ODIwMDg5MgABHvNT3SuuzmwPlmXBTVxi6ihMaZMSzeFdJZ5RrP8XP5X3HKRjRJQoFQM4gbez_aem_ofURQVKXiPoaVt143BSuLg\">More info<\/a><\/div><\/div><div class=\"vsel-image-info vsel-image-info-right\" style=\"width:60%;\"><div class=\"vsel-info\"><h4>Musiciens | <em>Rivages M\u00e9diterran\u00e9es<\/em><\/h4>\n<p>Sylvain Devaux : hautbois<br \/>\nLucie Leker : violon<br \/>\nElodie Gaudet : alto<br \/>\nMarie Ythier : violoncelle<\/p>\n<table>\n<tbody>\n<tr>\n<th>Compositeurs<\/th>\n<th>Pi\u00e8ces<\/th>\n<\/tr>\n<tr>\n<td>Ayser Van\u00e7in<\/td>\n<td><em>Les Plaintes d\u2019un Icare<\/em><\/td>\n<\/tr>\n<tr>\n<td>Eleni Ralli<\/td>\n<td><em>5 Mysterious Scenes<\/em><\/td>\n<\/tr>\n<tr>\n<td>Myrto Nizami<\/td>\n<td><em>Gone in no time<\/em><\/td>\n<\/tr>\n<tr>\n<td>Salvatore Sciarrino<\/td>\n<td><em>La Malinconia<\/em><\/td>\n<\/tr>\n<tr>\n<td>Vincent Trollet<\/td>\n<td><em>Sous les archets, des syllabes d\u2019eau <\/em><\/td>\n<\/tr>\n<tr>\n<td>Sylvain Devaux<\/td>\n<td><em>Contrepoint des jours<\/em><\/td>\n<\/tr>\n<\/tbody>\n<\/table>\n<\/div><\/div><\/div><div id=\"event-727\" class=\"vsel-content vsel-past\"><div class=\"vsel-meta vsel-meta-left\" style=\"width:36%;\"><h3 class=\"vsel-meta-title\"><a href=\"https:\/\/eleniralli.com\/?event=rubebe-rubechette-e-rubecone\" rel=\"bookmark\" title=\"Rubebe, rubechette e rubecone\">Rubebe, rubechette e rubecone<\/a><\/h3><div class=\"vsel-meta-date vsel-meta-single-date\">Date: <span>August 24, 2025<\/span><\/div><div class=\"vsel-meta-time\">Time: <span>4:00 pm - 6:00 pm<\/span><\/div><div class=\"vsel-meta-location\">Location: <span>Ritterhaus, Bubikon<\/span><\/div><div class=\"vsel-meta-link\"><a href=\"https:\/\/musiksommer.ch\/programme\/\" rel=\"noopener noreferrer\" target=\"_self\" rel=\"noreferrer\" title=\"https:\/\/musiksommer.ch\/programme\/\">More info<\/a><\/div><\/div><div class=\"vsel-image-info vsel-image-info-right\" style=\"width:60%;\"><div class=\"vsel-info\"><p><strong>Werke u.a. aus den \u00abCantigas de Santa Maria\u00bb, aus dem Codex Squarcialupi und dem \u00abCancionero del Palacio\u00bb sowie von Eleni Ralli (*1984) und Abril Padilla (*1970)<\/strong><\/p>\n<\/div><\/div><\/div><div id=\"event-724\" class=\"vsel-content vsel-past\"><div class=\"vsel-meta vsel-meta-left\" style=\"width:36%;\"><h3 class=\"vsel-meta-title\"><a href=\"https:\/\/eleniralli.com\/?event=machine-labor-rock\" rel=\"bookmark\" title=\"Machine, Labor, Rock\">Machine, Labor, Rock<\/a><\/h3><div class=\"vsel-meta-date vsel-meta-start-date\">Start date: <span>May 20, 2025<\/span><\/div><div class=\"vsel-meta-date vsel-meta-end-date\">End date: <span>May 22, 2025<\/span><\/div><div class=\"vsel-meta-time\">Time: <span>8:00 pm - 10:00 pm<\/span><\/div><div class=\"vsel-meta-location\">Location: <span>H95, Basel\/Goethe Institute Freiburg im Brsg.<\/span><\/div><div class=\"vsel-meta-link\"><a href=\"https:\/\/h95.ch\/veranstaltungen\/2025-05-20-machine-labor-rock\" rel=\"noopener noreferrer\" target=\"_self\" rel=\"noreferrer\" title=\"https:\/\/h95.ch\/veranstaltungen\/2025-05-20-machine-labor-rock\">More info<\/a><\/div><\/div><div class=\"vsel-image-info vsel-image-info-right\" style=\"width:60%;\"><div class=\"vsel-info\"><p style=\"font-weight: 400;\"><strong>Eleni Ralli \u2013<\/strong><\/p>\n<p>Machine, Labor, Rock, Collecting Landscapes\u2013 Part 1<\/p>\n<p style=\"font-weight: 400;\"><em>Video, Tonband und Instrumentaltrio (Klarinette, Saxophon, E-Gitarre), 2024 (UA)<\/em><\/p>\n<p style=\"font-weight: 400;\">Video\/Audio: Eleni Ralli<\/p>\n<p style=\"font-weight: 400;\">Audiovisual Post-Production: Santiago Villar Mart\u00edn<\/p>\n<p style=\"font-weight: 400;\"><em>Commission supported by Fachausschuss MusikBS\/BL Audiovisual component supported byFondation SUISA<\/em><\/p>\n<p style=\"font-weight: 400;\"><em>Research trip supported by Pro Helvetia and ProHelvetia Shanghai, Swiss Arts Council<\/em><\/p>\n<p>A collaboration project between Tacet(i) Ensemble and False Relationships and the Extended Endings Ensemble<\/p>\n<p style=\"font-weight: 400;\">Tacet(i)Ensemble Noppakorn Auesirinucroch \u2013 Gitarre Christhatai Paksamai \u2013 Klarinette Pisol Manatchinapisit \u2013 Saxophon<\/p>\n<\/div><\/div><\/div><div id=\"event-721\" class=\"vsel-content vsel-past\"><div class=\"vsel-meta vsel-meta-left\" style=\"width:36%;\"><h3 class=\"vsel-meta-title\"><a href=\"https:\/\/eleniralli.com\/?event=5-small-double-reed-encounters-many-many-oboes-2\" rel=\"bookmark\" title=\"5 Small Double-Reed Encounters, Many Many Oboes\">5 Small Double-Reed Encounters, Many Many Oboes<\/a><\/h3><div class=\"vsel-meta-date vsel-meta-single-date\">Date: <span>April 29, 2025<\/span><\/div><div class=\"vsel-meta-time\">Time: <span>8:00 pm - 9:00 pm<\/span><\/div><div class=\"vsel-meta-location\">Location: <span>Th\u00e9\u00e2tre Francis-Gag, Nice<\/span><\/div><div class=\"vsel-meta-link\"><a href=\"https:\/\/theatre-francis-gag.org\/agenda\/nunc-stans-many-many-oboes\" rel=\"noopener noreferrer\" target=\"_self\" rel=\"noreferrer\" title=\"https:\/\/theatre-francis-gag.org\/agenda\/nunc-stans-many-many-oboes\">More info<\/a><\/div><\/div><div class=\"vsel-image-info vsel-image-info-right\" style=\"width:60%;\"><div class=\"vsel-info\"><div class=\"x_elementToProof\"><b data-olk-copy-source=\"MessageBody\">Th\u00e9\u00e2tre Francis-Gag, \u039dice<\/b><\/div>\n<div class=\"x_elementToProof\">Tuesday<i> 29 April 2024, 20:00<\/i><\/div>\n<div class=\"x_elementToProof\">Th\u00e9\u00e2tre Francis-Gag, Nice<\/div>\n<div class=\"x_elementToProof\"><a id=\"LPlnk\" title=\"https:\/\/theatre-francis-gag.org\/agenda\/nunc-stans-many-many-oboes\" href=\"https:\/\/theatre-francis-gag.org\/agenda\/nunc-stans-many-many-oboes\" target=\"_blank\" rel=\"noopener noreferrer\" data-auth=\"NotApplicable\" data-linkindex=\"2\">https:\/\/theatre-francis-gag.org\/agenda\/nunc-stans-many-many-oboes<\/a><\/div>\n<\/div><\/div><\/div><div id=\"event-719\" class=\"vsel-content vsel-past\"><div class=\"vsel-meta vsel-meta-left\" style=\"width:36%;\"><h3 class=\"vsel-meta-title\"><a href=\"https:\/\/eleniralli.com\/?event=5-small-double-reed-encounters-many-many-oboes\" rel=\"bookmark\" title=\"5 Small Double-Reed Encounters- Many Many Oboes\">5 Small Double-Reed Encounters- Many Many Oboes<\/a><\/h3><div class=\"vsel-meta-date vsel-meta-single-date\">Date: <span>April 10, 2025<\/span><\/div><div class=\"vsel-meta-time\">Time: <span>8:00 pm - 9:00 pm<\/span><\/div><div class=\"vsel-meta-location\">Location: <span>La Maison communale de Plainpalais, Geneva<\/span><\/div><div class=\"vsel-meta-link\"><a href=\"https:\/\/archipel.org\/fr\/program\/many-many-oboes\" rel=\"noopener noreferrer\" target=\"_self\" rel=\"noreferrer\" title=\"https:\/\/archipel.org\/fr\/program\/many-many-oboes\">More info<\/a><\/div><\/div><div class=\"vsel-image-info vsel-image-info-right\" style=\"width:60%;\"><div class=\"vsel-info\"><div class=\"x_elementToProof\" data-olk-copy-source=\"MessageBody\"><i> Thursday&nbsp;10 April 2024, 20:00<br data-start=\"511\" data-end=\"514\"><\/i>La Maison communale de Plainpalais, Geneva<\/div>\n<div class=\"x_elementToProof\"><a id=\"LPlnk\" title=\"https:\/\/archipel.org\/fr\/program\/many-many-oboes\" href=\"https:\/\/archipel.org\/fr\/program\/many-many-oboes\" target=\"_blank\" rel=\"noopener noreferrer\" data-auth=\"NotApplicable\" data-linkindex=\"0\">https:\/\/archipel.org\/fr\/program\/many-many-oboes<\/a><\/div>\n<div>\n<p class=\"\" data-start=\"49\" data-end=\"98\"><strong data-start=\"49\" data-end=\"98\">Eleni Ralli, <em data-start=\"64\" data-end=\"96\">5 Small Double-Reed Encounters<\/em><\/strong><\/p>\n<p class=\"\" data-start=\"100\" data-end=\"526\">This piece explores the interaction between five distinct double-reed instruments from the oboe family. Each instrument presents a short story that reflects its unique personality, while the others listen, respond, or remain absorbed in their own world, seemingly indifferent. The work consists of five brief movements, each dedicated to the character of one instrument and its interaction \u2013 or lack thereof \u2013 with the others.<\/p>\n<\/div>\n<\/div><\/div><\/div><div id=\"event-711\" class=\"vsel-content vsel-past\"><div class=\"vsel-meta vsel-meta-left\" style=\"width:36%;\"><h3 class=\"vsel-meta-title\"><a href=\"https:\/\/eleniralli.com\/?event=machine-labor-rock-collecting-landscapes-part-1\" rel=\"bookmark\" title=\"Machine, Labor, Rock, Collecting Landscapes &#8211; Part 1\">Machine, Labor, Rock, Collecting Landscapes &#8211; Part 1<\/a><\/h3><div class=\"vsel-meta-date vsel-meta-start-date\">Start date: <span>December 20, 2024<\/span><\/div><div class=\"vsel-meta-date vsel-meta-end-date\">End date: <span>December 22, 2024<\/span><\/div><div class=\"vsel-meta-time vsel-meta-all-day\">All-day event<\/div><div class=\"vsel-meta-location\">Location: <span>Bangkok Art and Culture Center<\/span><\/div><div class=\"vsel-meta-link\"><a href=\"https:\/\/www.tmaomusic.com\/current-events\/\" rel=\"noopener noreferrer\" target=\"_self\" rel=\"noreferrer\" title=\"https:\/\/www.tmaomusic.com\/current-events\/\">More info<\/a><\/div><\/div><div class=\"vsel-image-info vsel-image-info-right\" style=\"width:60%;\"><div class=\"vsel-info\"><p>IntAct Festival, Bangkok 20.-22.12.2024.<\/p>\n<p>For Video, Fixed Media and Instrumental Trio (Clarinet, Tenor Sax. and E- Guitar)<\/p>\n<p>Commissioned by Tacet(i) Ensemble<\/p>\n<\/div><\/div><\/div><div id=\"event-701\" class=\"vsel-content vsel-past\"><div class=\"vsel-meta vsel-meta-left\" style=\"width:36%;\"><h3 class=\"vsel-meta-title\"><a href=\"https:\/\/eleniralli.com\/?event=mis-en-festival-2024\" rel=\"bookmark\" title=\"Mis-En Festival 2024\">Mis-En Festival 2024<\/a><\/h3><div class=\"vsel-meta-date vsel-meta-single-date\">Date: <span>June 22, 2024<\/span><\/div><div class=\"vsel-meta-time\">Time: <span>8:00 pm - 10:00 pm<\/span><\/div><div class=\"vsel-meta-location\">Location: <span>MISE-EN_PLACE 341 Calyer St, Brooklyn, NY 11222 8PM<\/span><\/div><div class=\"vsel-meta-link\"><a href=\"https:\/\/www.mise-en.org\/june-22-2024-8p-festival-concert-vi\/\" rel=\"noopener noreferrer\" target=\"_self\" rel=\"noreferrer\" title=\"https:\/\/www.mise-en.org\/june-22-2024-8p-festival-concert-vi\/\">More info<\/a><\/div><\/div><div class=\"vsel-image-info vsel-image-info-right\" style=\"width:60%;\"><div class=\"vsel-info\"><p>MISE-EN_PLACE<br \/>\n341 Calyer St, Brooklyn, NY 11222<br \/>\n8PM<\/p>\n<p>*Free Admission<\/p>\n<p>Program<\/p>\n<p>Anibal Vidal (Chile): Tonada (2023)<br \/>\nAlexandros Spyrou (Greece): intra- (2018-19)<br \/>\nEleni Ralli (Grecce): Go Within (2020)<br \/>\nHan geul Lee (South Korea): shadowself (2023)<br \/>\nRafael Amaral (Brazil): new work (2024)<\/p>\n<\/div><\/div><\/div><div id=\"event-700\" class=\"vsel-content vsel-past\"><div class=\"vsel-meta vsel-meta-left\" style=\"width:36%;\"><h3 class=\"vsel-meta-title\"><a href=\"https:\/\/eleniralli.com\/?event=psalm-geheim\" rel=\"bookmark\" title=\"Psalm geheim\">Psalm geheim<\/a><\/h3><div class=\"vsel-meta-date vsel-meta-single-date\">Date: <span>January 26, 2024<\/span><\/div><div class=\"vsel-meta-time\">Time: <span>12:15 pm - 1:30 pm<\/span><\/div><div class=\"vsel-meta-location\">Location: <span>Zunftsaal im Schmiedenhof<\/span><\/div><div class=\"vsel-meta-link\"><a href=\"https:\/\/mizmorim.com\/programms\/psalm-geheim\" rel=\"noopener noreferrer\" target=\"_self\" rel=\"noreferrer\" title=\"https:\/\/mizmorim.com\/programms\/psalm-geheim\">More info<\/a><\/div><\/div><div class=\"vsel-image-info vsel-image-info-right\" style=\"width:60%;\"><div class=\"vsel-info\"><div><strong>Anton\u00edn Dvo\u0159\u00e1k<\/strong> (1841\u20131904)<br \/>\nAus <em>Biblische Lieder<\/em> f\u00fcr Gesang und Klavier (1894)<\/p>\n<p><strong>Aram Hovhannisyan <\/strong>(geb. 1984) | Preistr\u00e4ger 1. Mizmorim Kompositionswettbewerb<\/div>\n<div>Klavierst\u00fcck III \u00ab&#8230; and beyond &#8230;\u00bb f\u00fcr Klavier vierh\u00e4ndig (2018)<br \/>\n&nbsp;<br \/>\n<strong>Oliver Knussen <\/strong>(1952\u20132018)<br \/>\n<em>Secret Psalm<\/em> f\u00fcr Violine solo (1990)<\/p>\n<p><strong>Victor Alexandru Col\u021bea <\/strong>(geb. 1984) | Preistr\u00e4ger 3. Mizmorim Kompositionswettbewerb<\/div>\n<div><em>Rough Surfaces<\/em> f\u00fcr Streichquartett (2022)<\/div>\n<div>&nbsp;<br \/>\n&nbsp;<strong>Alexander Uriah Boskovich<\/strong> (1907\u20131964)<br \/>\n<em>Adonay ro&#8217;i <\/em>(Der Ewige ist mein Hirte, Psalm 23) f\u00fcr Gesang und Streichquartett (1954)<br \/>\n<small>Schweizer Erstauff\u00fchrung<\/p>\n<p><\/small><strong>Eleni Ralli <\/strong>(geb. 1984) | Preistr\u00e4gerin 2. Mizmorim Kompositionswettbewerb<\/div>\n<div><em>5 Mysterious Scenes<\/em> f\u00fcr Solo-Violine (2020)<\/div>\n<div>\nKonzertdauer: 75 Minuten<br \/>\nTickets: CHF 25<\/div>\n<\/div><\/div><\/div><div id=\"event-698\" class=\"vsel-content vsel-past\"><div class=\"vsel-meta vsel-meta-left\" style=\"width:36%;\"><h3 class=\"vsel-meta-title\"><a href=\"https:\/\/eleniralli.com\/?event=the-three-lears\" rel=\"bookmark\" title=\"The three Lears\">The three Lears<\/a><\/h3><div class=\"vsel-meta-date vsel-meta-start-date\">Start date: <span>December 1, 2023<\/span><\/div><div class=\"vsel-meta-date vsel-meta-end-date\">End date: <span>January 15, 2024<\/span><\/div><div class=\"vsel-meta-time\">Time: <span>7:00 pm<\/span><\/div><div class=\"vsel-meta-location\">Location: <span>Pafos-Cyprus, K\u00f6ln-Germany, Budapest-Romania, Den Haas-Netherlands, Basel-Switzerland<\/span><\/div><div class=\"vsel-meta-link\"><a href=\"https:\/\/www.broadwayworld.com\/bwwclassical\/article\/Pythia-Trio-Presents-THE-THREE-LEARS-At-Technopolis-20-20231127\" rel=\"noopener noreferrer\" target=\"_self\" rel=\"noreferrer\" title=\"https:\/\/www.broadwayworld.com\/bwwclassical\/article\/Pythia-Trio-Presents-THE-THREE-LEARS-At-Technopolis-20-20231127\">More info<\/a><\/div><\/div><div class=\"vsel-image-info vsel-image-info-right\" style=\"width:60%;\"><div class=\"vsel-info\"><p>Performers: Pythia Trio\/ Myrto Akrivou, Iro Menegou, Thalia Papadopoulou<\/p>\n<p>Compositions by: Anthi Damvouneli, Myrto Nizami, Eleni Ralli, Diana Rotaru, Foteini Tryferopoulou<\/p>\n<p>Supervising Director: Giorgina Daliani<\/p>\n<p>Poster by: Kostis Triantafyllou\/ thirtyleaf design&nbsp;<\/p>\n<p>Production: Artivistas&nbsp;<\/p>\n<\/div><\/div><\/div><div class=\"vsel-nav\"><a href=\"https:\/\/eleniralli.com\/index.php?rest_route=%2Fwp%2Fv2%2Fpages%2F607&#038;paged=2\" class=\"next\">Next &raquo;<\/a><\/div><\/div>[\/vc_column_text][\/vc_column][\/vc_row]<\/p>\n","protected":false},"excerpt":{"rendered":"<p>[vc_row][vc_column][vc_column_text][\/vc_column_text][\/vc_column][\/vc_row]<\/p>\n","protected":false},"author":2,"featured_media":676,"parent":0,"menu_order":0,"comment_status":"closed","ping_status":"closed","template":"","meta":{"ngg_post_thumbnail":0,"jetpack_post_was_ever_published":false,"footnotes":""},"class_list":["post-607","page","type-page","status-publish","has-post-thumbnail","hentry"],"yoast_head":"<!-- This site is optimized with the Yoast SEO plugin v21.0 - https:\/\/yoast.com\/wordpress\/plugins\/seo\/ -->\n<title>Previous Concerts - eleniralli<\/title>\n<meta name=\"robots\" content=\"index, follow, max-snippet:-1, max-image-preview:large, max-video-preview:-1\" \/>\n<link rel=\"canonical\" href=\"https:\/\/eleniralli.com\/?page_id=607\" \/>\n<meta property=\"og:locale\" content=\"en_US\" \/>\n<meta property=\"og:type\" content=\"article\" \/>\n<meta property=\"og:title\" content=\"Previous Concerts - eleniralli\" \/>\n<meta property=\"og:description\" content=\"[vc_row][vc_column][vc_column_text][\/vc_column_text][\/vc_column][\/vc_row]\" \/>\n<meta property=\"og:url\" content=\"https:\/\/eleniralli.com\/?page_id=607\" \/>\n<meta property=\"og:site_name\" content=\"eleniralli\" \/>\n<meta property=\"article:modified_time\" content=\"2023-04-10T12:42:35+00:00\" \/>\n<meta property=\"og:image\" content=\"https:\/\/eleniralli.com\/wp-content\/uploads\/2023\/04\/maxresdefault-2.jpg\" \/>\n\t<meta property=\"og:image:width\" content=\"1280\" \/>\n\t<meta property=\"og:image:height\" content=\"720\" \/>\n\t<meta property=\"og:image:type\" content=\"image\/jpeg\" \/>\n<meta name=\"twitter:card\" content=\"summary_large_image\" \/>\n<meta name=\"twitter:label1\" content=\"Est. reading time\" \/>\n\t<meta name=\"twitter:data1\" content=\"1 minute\" \/>\n<script type=\"application\/ld+json\" class=\"yoast-schema-graph\">{\"@context\":\"https:\/\/schema.org\",\"@graph\":[{\"@type\":\"WebPage\",\"@id\":\"https:\/\/eleniralli.com\/?page_id=607\",\"url\":\"https:\/\/eleniralli.com\/?page_id=607\",\"name\":\"Previous Concerts - eleniralli\",\"isPartOf\":{\"@id\":\"https:\/\/eleniralli.com\/#website\"},\"datePublished\":\"2023-03-02T17:37:11+00:00\",\"dateModified\":\"2023-04-10T12:42:35+00:00\",\"breadcrumb\":{\"@id\":\"https:\/\/eleniralli.com\/?page_id=607#breadcrumb\"},\"inLanguage\":\"en-US\",\"potentialAction\":[{\"@type\":\"ReadAction\",\"target\":[\"https:\/\/eleniralli.com\/?page_id=607\"]}]},{\"@type\":\"BreadcrumbList\",\"@id\":\"https:\/\/eleniralli.com\/?page_id=607#breadcrumb\",\"itemListElement\":[{\"@type\":\"ListItem\",\"position\":1,\"name\":\"Home\",\"item\":\"https:\/\/eleniralli.com\/\"},{\"@type\":\"ListItem\",\"position\":2,\"name\":\"Previous Concerts\"}]},{\"@type\":\"WebSite\",\"@id\":\"https:\/\/eleniralli.com\/#website\",\"url\":\"https:\/\/eleniralli.com\/\",\"name\":\"eleniralli\",\"description\":\"Eleni Ralli personal webpage\",\"publisher\":{\"@id\":\"https:\/\/eleniralli.com\/#\/schema\/person\/02a00d386be18930f05d38f276225417\"},\"alternateName\":\"Eleni Ralli\",\"potentialAction\":[{\"@type\":\"SearchAction\",\"target\":{\"@type\":\"EntryPoint\",\"urlTemplate\":\"https:\/\/eleniralli.com\/?s={search_term_string}\"},\"query-input\":\"required name=search_term_string\"}],\"inLanguage\":\"en-US\"},{\"@type\":[\"Person\",\"Organization\"],\"@id\":\"https:\/\/eleniralli.com\/#\/schema\/person\/02a00d386be18930f05d38f276225417\",\"name\":\"eleniralli\",\"image\":{\"@type\":\"ImageObject\",\"inLanguage\":\"en-US\",\"@id\":\"https:\/\/eleniralli.com\/#\/schema\/person\/image\/\",\"url\":\"https:\/\/secure.gravatar.com\/avatar\/41bf1524f31cfeff4b71f02cd9a0c185ebd689b5b84c6711574f51b90cf81ff3?s=96&d=mm&r=g\",\"contentUrl\":\"https:\/\/secure.gravatar.com\/avatar\/41bf1524f31cfeff4b71f02cd9a0c185ebd689b5b84c6711574f51b90cf81ff3?s=96&d=mm&r=g\",\"caption\":\"eleniralli\"},\"logo\":{\"@id\":\"https:\/\/eleniralli.com\/#\/schema\/person\/image\/\"}}]}<\/script>\n<!-- \/ Yoast SEO plugin. -->","yoast_head_json":{"title":"Previous Concerts - eleniralli","robots":{"index":"index","follow":"follow","max-snippet":"max-snippet:-1","max-image-preview":"max-image-preview:large","max-video-preview":"max-video-preview:-1"},"canonical":"https:\/\/eleniralli.com\/?page_id=607","og_locale":"en_US","og_type":"article","og_title":"Previous Concerts - eleniralli","og_description":"[vc_row][vc_column][vc_column_text][\/vc_column_text][\/vc_column][\/vc_row]","og_url":"https:\/\/eleniralli.com\/?page_id=607","og_site_name":"eleniralli","article_modified_time":"2023-04-10T12:42:35+00:00","og_image":[{"width":1280,"height":720,"url":"https:\/\/eleniralli.com\/wp-content\/uploads\/2023\/04\/maxresdefault-2.jpg","type":"image\/jpeg"}],"twitter_card":"summary_large_image","twitter_misc":{"Est. reading time":"1 minute"},"schema":{"@context":"https:\/\/schema.org","@graph":[{"@type":"WebPage","@id":"https:\/\/eleniralli.com\/?page_id=607","url":"https:\/\/eleniralli.com\/?page_id=607","name":"Previous Concerts - eleniralli","isPartOf":{"@id":"https:\/\/eleniralli.com\/#website"},"datePublished":"2023-03-02T17:37:11+00:00","dateModified":"2023-04-10T12:42:35+00:00","breadcrumb":{"@id":"https:\/\/eleniralli.com\/?page_id=607#breadcrumb"},"inLanguage":"en-US","potentialAction":[{"@type":"ReadAction","target":["https:\/\/eleniralli.com\/?page_id=607"]}]},{"@type":"BreadcrumbList","@id":"https:\/\/eleniralli.com\/?page_id=607#breadcrumb","itemListElement":[{"@type":"ListItem","position":1,"name":"Home","item":"https:\/\/eleniralli.com\/"},{"@type":"ListItem","position":2,"name":"Previous Concerts"}]},{"@type":"WebSite","@id":"https:\/\/eleniralli.com\/#website","url":"https:\/\/eleniralli.com\/","name":"eleniralli","description":"Eleni Ralli personal webpage","publisher":{"@id":"https:\/\/eleniralli.com\/#\/schema\/person\/02a00d386be18930f05d38f276225417"},"alternateName":"Eleni Ralli","potentialAction":[{"@type":"SearchAction","target":{"@type":"EntryPoint","urlTemplate":"https:\/\/eleniralli.com\/?s={search_term_string}"},"query-input":"required name=search_term_string"}],"inLanguage":"en-US"},{"@type":["Person","Organization"],"@id":"https:\/\/eleniralli.com\/#\/schema\/person\/02a00d386be18930f05d38f276225417","name":"eleniralli","image":{"@type":"ImageObject","inLanguage":"en-US","@id":"https:\/\/eleniralli.com\/#\/schema\/person\/image\/","url":"https:\/\/secure.gravatar.com\/avatar\/41bf1524f31cfeff4b71f02cd9a0c185ebd689b5b84c6711574f51b90cf81ff3?s=96&d=mm&r=g","contentUrl":"https:\/\/secure.gravatar.com\/avatar\/41bf1524f31cfeff4b71f02cd9a0c185ebd689b5b84c6711574f51b90cf81ff3?s=96&d=mm&r=g","caption":"eleniralli"},"logo":{"@id":"https:\/\/eleniralli.com\/#\/schema\/person\/image\/"}}]}},"jetpack_sharing_enabled":true,"jetpack_shortlink":"https:\/\/wp.me\/PaX8Qq-9N","_links":{"self":[{"href":"https:\/\/eleniralli.com\/index.php?rest_route=\/wp\/v2\/pages\/607","targetHints":{"allow":["GET"]}}],"collection":[{"href":"https:\/\/eleniralli.com\/index.php?rest_route=\/wp\/v2\/pages"}],"about":[{"href":"https:\/\/eleniralli.com\/index.php?rest_route=\/wp\/v2\/types\/page"}],"author":[{"embeddable":true,"href":"https:\/\/eleniralli.com\/index.php?rest_route=\/wp\/v2\/users\/2"}],"replies":[{"embeddable":true,"href":"https:\/\/eleniralli.com\/index.php?rest_route=%2Fwp%2Fv2%2Fcomments&post=607"}],"version-history":[{"count":1,"href":"https:\/\/eleniralli.com\/index.php?rest_route=\/wp\/v2\/pages\/607\/revisions"}],"predecessor-version":[{"id":608,"href":"https:\/\/eleniralli.com\/index.php?rest_route=\/wp\/v2\/pages\/607\/revisions\/608"}],"wp:featuredmedia":[{"embeddable":true,"href":"https:\/\/eleniralli.com\/index.php?rest_route=\/wp\/v2\/media\/676"}],"wp:attachment":[{"href":"https:\/\/eleniralli.com\/index.php?rest_route=%2Fwp%2Fv2%2Fmedia&parent=607"}],"curies":[{"name":"wp","href":"https:\/\/api.w.org\/{rel}","templated":true}]}}